Let w(f) be the second derivative of f**4/12 + 2*f**3/3 - 29*f**2/2 + 46*f. What is the tens digit of w(10)?
1
Suppose -135*s - 20100 = -155*s. What is the thousands digit of s?
1
Let k(u) = -10*u**3 - 19*u**2 - 9*u - 61. What is the hundreds digit of k(-13)?
8
What is the hundreds digit of 26/(17 + -225) - (-709970)/16?
3
Let a(f) = -27*f**2 + 8*f - 1. Let g(p) = -26*p**2 + 7*p - 2. Let i(x) = 4*a(x) - 5*g(x). What is the units digit of i(2)?
8
Suppose -2*r = 3*q - 27358, r - 7*q - 13693 = -12*q. What is the ten thousands digit of r?
1
Let y(m) = -2*m**2 - 10*m - 8. Let g be y(-6). Suppose 10*p + 21*p + 384 = 7*p. What is the tens digit of (-1755)/g + (-4)/p?
8
Suppose 40 = -2*o + 120. Let y = o + 34. What is the tens digit of y?
7
Let v = -390 + 332. Let j = v - -224. What is the tens digit of j?
6
Let s(m) = 2172*m**3 - m + 2. What is the hundreds digit of s(1)?
1
Suppose -i = -360 - 80. Let y be (1 + 3/(-2))*0. Suppose 9*j - 11*j + i = y. What is the units digit of j?
0
Suppose 1274 = -25*b + 26*b. Suppose -6*z + 4*z + b = 0. Suppose 0 = k + 6*k - z. What is the tens digit of k?
9
Let x(c) = 2*c**2 + 39*c + 18. Suppose 2*s - 4*i = 15 - 57, -s - 21 = 4*i. What is the units digit of x(s)?
1
Let q(c) = 6*c - 45. Let i be q(8). What is the hundreds digit of i/((-2)/7576*-12)?
9
Let j(a) = 18*a**2 - 2*a + 13. Let b(c) = 4*c - 22. Let k be b(0). Let l = k + 19. What is the units digit of j(l)?
1
Suppose -2290 = -153*t + 5. What is the tens digit of t?
1
Let n be -2*21 + 1 + 3. Let t = n - -42. Suppose 0 = t*q + p - 117, 2*p = -3*p - 15. What is the tens digit of q?
3
Suppose 6*d - 57650 = -13*d + 99290. What is the tens digit of d?
6
What is the hundreds digit of 1907932/39 + 9 - (-2)/3?
9
Let v be 5 - (13 - 8) - -892. Suppose v = 3*r + 2*z, 0 = -2*r - 0*r - 3*z + 598. What is the tens digit of r?
9
Let j(g) = 5*g. Let o be j(-7). Let r = 1500 + -1365. Let y = r + o. What is the tens digit of y?
0
What is the units digit of 3 - -6561 - (-55 - -44)?
5
Suppose 2*q - 17150 = -5*b, 3*b = -23*q + 22*q + 8576. What is the hundreds digit of q?
5
Let y be (-2)/4 + 26/(-4). Let a(q) be the first derivative of q**4/4 + 10*q**3/3 + 15*q**2/2 + 4*q + 405. What is the units digit of a(y)?
6
Suppose 2*i = -3*g + 21, 5*g - i = 2*i + 16. Suppose 4*b - 2*s + 0*s + 206 = 0, -g = s. Let l = b - -150. What is the tens digit of l?
9
What is the thousands digit of ((660/9)/5)/((-122025)/17433 - -7)?
2
Let w(c) = -9 + 2*c + 4*c**2 - 4*c + 3*c - c**3. Let y be w(3). What is the units digit of (11 + -2)/y*10/3?
0
Let g = -17 + 24. Let d(j) = -j**2 + 5*j + 7. Let b be d(g). Let m(c) = -c**3 - 4*c**2 + 4*c + 14. What is the units digit of m(b)?
3
Let o be -10*(((-12)/5 - 0) + 2). Suppose -4*l + 748 = o*k, -4*l + 2*l - 374 = -2*k. What is the hundreds digit of k?
1
What is the tens digit of (((-102)/(-8))/17)/(159780/79888 - 2)?
7
Let j(o) = -2*o**3 - 18*o**2 + 4*o + 29. Let b be j(-9). Let n(i) = -34*i - 24. What is the units digit of n(b)?
4
What is the units digit of -13 + (-3)/((-36)/71736)?
5
Let z be -11 + 15 + 8/(-1). What is the units digit of 61138/56 - z/(32/(-6))?
1
Let n(h) = -h + 11. Let q(k) = 2*k**2 + 5*k - 2. Let g be q(-4). Let p be n(g). What is the tens digit of 2 - p - 1 - -111?
1
Let g = 1662 + -1348. What is the tens digit of g?
1
Suppose -19*j - 25*j + 314644 = 0. What is the hundreds digit of j?
1
Suppose -19532 = -4*h - 1396. What is the thousands digit of h?
4
Let v(x) = -43*x - 6. Let p be v(-3). Suppose 128*d = p*d + 35. Suppose d*m - 15 - 6 = 0. What is the units digit of m?
3
Suppose -2*b - 4860 = 3*s - 7*b, 5*s + 5*b = -8100. Suppose -69*t = -41*t - 224. What is the units digit of (6/t)/((-15)/s)?
1
Let z = -76 - -115. Let k = z + 67. What is the tens digit of k?
0
Suppose -2*x + 3923 = -3*u + 13721, 15 = -5*x. What is the hundreds digit of u?
2
Suppose 3*h + 660 = -2*h. What is the hundreds digit of (-2115)/(-4) - (-99)/h?
5
Let l(n) = 7208*n - 1184. What is the ten thousands digit of l(2)?
1
Let k(w) = 2243*w**2 + 16*w - 6. What is the ten thousands digit of k(3)?
2
Let b be (0 - 299)*(-6 - (-8 + 1)). Let r = b - -672. What is the tens digit of r?
7
Let i(j) = 5*j**2 + 40*j - 21. Let d be 1280/(-90) + ((-16)/9 - -2). What is the units digit of i(d)?
9
Suppose -11*m - 5*m = -80. Suppose 0 = 8*n - 7*n - m. Suppose n*i = 104 + 16. What is the units digit of i?
4
Let q = -186 + 104. What is the tens digit of ((-45)/(-2))/(-9)*q?
0
Let g = -722 - -12007. What is the units digit of g?
5
Suppose -4*z = 95*v - 94*v - 34496, 4*v - 5*z = 137942. What is the units digit of v?
8
Let y = 49656 + -24329. What is the tens digit of y?
2
Let k(w) = 0*w + 8*w + w - 3*w + 1 + 4*w**2. Let c(u) = u - 5. Let f be c(10). What is the tens digit of k(f)?
3
Suppose -5*w + 3*g + 3698 + 3536 = 0, -3*g = -6. What is the tens digit of w?
4
Suppose -10 = 2*g, 0 = 4*p - 4*g + 2810 - 9274. Suppose -1318 = -2*q - 2*t - 240, -p = -3*q - 5*t. What is the tens digit of q?
4
Suppose -53*w + 524 + 748 = 0. Suppose -8*z - w*z + 32000 = 0. What is the thousands digit of z?
1
Suppose 71806 + 65210 = 11*p. What is the units digit of p?
6
Suppose -2*q = 498 - 1974. Suppose -c = -0 - 4. Suppose 10*n - c*n = q. What is the units digit of n?
3
Let u = 112789 - 69610. What is the units digit of u?
9
Suppose -2*c + 2*q + q + 92723 = 0, -2*q - 231824 = -5*c. What is the tens digit of c?
6
Let p(n) = -24*n**2 - 1. Let c(b) = -70*b**2 - 3. Let x(z) = -6*c(z) + 17*p(z). What is the units digit of x(-2)?
9
Let h be 0 - (-2866)/14 - 6/(-21). Suppose -4*x = -5*a - h + 55, -4 = 2*a. What is the units digit of x?
5
Let o = 12391 - 1176. What is the ten thousands digit of o?
1
Let g = 101728 + -37951. What is the tens digit of g?
7
Suppose -2640 = -4*m - 2*m. Let n = m - 235. Suppose -n = -4*y - y. What is the units digit of y?
1
What is the tens digit of ((-8)/3 - -2)/(4/(-10914))?
1
Let w(f) = f**2 + 30*f + 21. Let k be w(-30). What is the tens digit of 1834*(48/k - 2)?
2
Let n(r) = 4*r + 1. Let v(u) = -u + 1. Let j(q) = -n(q) + 5*v(q). Let b be j(2). Let a = b + 20. What is the units digit of a?
6
Suppose 6*f - 2*f - 86604 = -10*f. What is the hundreds digit of f?
1
Let t(y) be the second derivative of -4*y**3/3 - 16*y**2 - 84*y - 1. What is the units digit of t(-40)?
8
Suppose 13*g + 28*k - 23*k - 49539 = 0, 4*g + k = 15246. What is the units digit of g?
3
Suppose -5*w - 6*r = -7*r + 863, -4*w = 2*r + 696. Let j = -65 - w. What is the tens digit of j?
0
Let n(z) = 3*z + 77 - z + 17 - z. What is the tens digit of n(10)?
0
Suppose 0 = 10*u + 727 - 3037. What is the hundreds digit of u?
2
Suppose 0 = -22*w - 81 + 235. What is the hundreds digit of (-2)/((42/(-768))/w)?
2
Suppose -2*p - 1 = j - 8, 5*p = -5*j + 30. Let d = 29 - 29. Suppose d = 6*r - j*r - 102. What is the hundreds digit of r?
1
What is the tens digit of -2*4/(-160) + (-3354163)/(-1940)?
2
Suppose -21*l + 39*l - 4488684 = -111*l. What is the units digit of l?
6
Let v = 56752 - 36785. What is the units digit of v?
7
Suppose 6*i + 4*x + 4 = 2*i, 5*i + 3*x = 5. Let p(a) = 3*a**2 - 19*a - 2. Let d be p(14). Suppose f + i*f - d = 0. What is the units digit of f?
4
Let b = 3321 + -1174. What is the units digit of b?
7
Let f be 37 - -400 - 1*(-4 + 2). Let z = f - 202. What is the tens digit of z?
3
Suppose 5*l - 10 = -2*x + 7*l, 3*x - 14 = 4*l. Let h(j) = j**3 - 2*j**2 + 11*j - 14. What is the units digit of h(x)?
6
Suppose 4*f - 7*q + 3*q = 1760, -455 = -f - 2*q. Suppose -2*w + 5*b + f = -200, -306 = -w - 3*b. What is the units digit of w?
5
Let o(x) = 11498*x**2 + 19*x - 8. What is the thousands digit of o(1)?
1
Let v(h) = -3*h**2 - 21*h - 7. Let z be v(-7). What is the hundreds digit of z/(-7)*-6 - -1695?
6
Let z(x) = 25*x**2 + 4*x - 4. Let n be z(1). Let o(t) = 9*t + 1. Let k be o(-1). What is the tens digit of n*k/(-12)*3?
5
Let v be (-18)/(-6) - 22/1. Let n(d) = d**2 + 17*d - 20. Let l be n(v). Suppose 0 = -z + 17 + l. What is the units digit of z?
5
Let b(g) = g**3 + 47*g**2 + 77*g + 254. What is the hundreds digit of b(-36)?
7
Suppose -8*t + 10*t = -84. Let q = 39 + t. Let b(o) = 3*o + 10. What is the units digit of b(q)?
1
Let l(d) = d**3 - 11*d**2 + 18*d + 3. Let c be l(9). What is the units digit of 6/c + (-5)/(-20)*388?
9
L